e
Does 13 divide 634988?
False
Is 32337 a multiple of 3?
True
Does 4 divide 667132?
True
Does 5 divide 9756373?
False
Is 5 a factor of 202385?
True
Is 12 a factor of 133108?
False
Is 258 a factor of 913836?
True
Does 107 divide 550559?
False
Does 3 divide 61497?
True
Does 12 divide 1087764?
True
Is 4726039 a multiple of 429?
False
Is 64152 a multiple of 108?
True
Does 905 divide 3075065?
False
Does 32 divide 18141728?
True
Is 55090 even?
True
Is 37969 a multiple of 10?
False
Is 1455913 a multiple of 1674?
False
Is 32 a factor of 1845632?
True
Is 23 a factor of 2958597?
False
Is 1741872 a multiple of 8?
True
Is 155 a factor of 115831?
False
Does 404 divide 669024?
True
Is 15 a factor of 4643430?
True
Is 26891 a multiple of 59?
False
Is 340219 a multiple of 197?
True
Is 23980 a multiple of 4?
True
Is 4 a factor of 9929?
False
Is 11 a factor of 344190?
True
Is 23 a factor of 260429?
True
Is 37 a factor of 38163?
False
Is 972 a factor of 59292?
True
Does 10 divide 181380?
True
Is 1202 a factor of 5836912?
True
Is 1480 a factor of 4855255?
False
Does 72 divide 660384?
True
Is 117992 a multiple of 56?
True
Does 11 divide 79750?
True
Is 196394 a multiple of 113?
True
Does 614 divide 1259314?
True
Is 3 a factor of 1019389?
False
Is 70869 a multiple of 117?
False
Is 32520 a multiple of 8?
True
Is 390201 a multiple of 51?
True
Is 7 a factor of 601762?
True
Is 740 a factor of 278240?
True
Is 14 a factor of 1862?
True
Is 27 a factor of 9388305?
True
Is 1489281 a multiple of 50?
False
Is 170211 a multiple of 87?
False
Does 3 divide 51599?
False
Is 182 a factor of 2114476?
True
Is 43044 a multiple of 204?
True
Is 2501720 a multiple of 26?
True
Is 697 a factor of 1935229?
False
Is 178220 a multiple of 19?
True
Is 91 a factor of 1611428?
True
Does 18 divide 7480509?
False
Is 2188 a multiple of 547?
True
Does 4 divide 514540?
True
Does 66 divide 26555166?
True
Is 3772200 a multiple of 24?
True
Is 10563354 a multiple of 9?
True
Is 134064 a multiple of 14?
True
Is 598007 a multiple of 27?
False
Does 411 divide 393596?
False
Is 31 a factor of 741167?
False
Is 12302592 a multiple of 16?
True
Does 220 divide 957132?
False
Is 18931701 a multiple of 22?
False
Is 64 a factor of 1559232?
True
Does 14 divide 17352134?
False
Is 324516 a multiple of 12?
True
Does 7 divide 2758?
True
Is 90 a factor of 11100870?
True
Does 6 divide 82350?
True
Does 64 divide 40908?
False
Is 102 a factor of 1013808?
False
Is 71377 a multiple of 521?
True
Does 306 divide 169064?
False
Does 32 divide 458295?
False
Does 17 divide 15787849?
True
Does 261 divide 4477977?
True
Is 5385965 a multiple of 2674?
False
Is 9258661 a multiple of 843?
False
Does 546 divide 868686?
True
Does 55 divide 317104?
False
Does 493 divide 19227?
True
Is 22 a factor of 9960830?
True
Is 1122 a factor of 1615714?
False
Is 49612 a multiple of 12?
False
Is 7 a factor of 83925?
False
Does 126 divide 614376?
True
Is 3369086 a multiple of 112?
False
Is 2 a factor of 2934?
True
Is 158 a factor of 1570204?
True
Is 621894 a multiple of 119?
True
Is 548248 a multiple of 103?
False
Is 181 a factor of 147233?
False
Does 109 divide 816828?
False
Is 1735826 a multiple of 9?
False
Is 21 a factor of 245442?
False
Is 621 a factor of 7206084?
True
Is 31297 a multiple of 6?
False
Does 1038 divide 929010?
True
Is 156916 a multiple of 4?
True
Is 417 a factor of 17931?
True
Is 1571100 a multiple of 608?
False
Is 1617802 a multiple of 733?
False
Is 23 a factor of 1555697?
True
Is 10022724 a multiple of 159?
True
Is 2559289 a multiple of 85?
False
Is 282870 a multiple of 30?
True
Is 28 a factor of 83040?
False
Is 13 a factor of 6973447?
True
Is 65 a factor of 7649806?
False
Is 673 a factor of 6349082?
True
Is 6 a factor of 1170?
True
Is 65 a factor of 152945?
True
Does 166 divide 378314?
True
Does 43 divide 101523?
True
Does 5 divide 1868883?
False
Is 302143 a multiple of 73?
False
Is 633184 a multiple of 20?
False
Is 345 a factor of 7018639?
False
Does 123 divide 5660706?
True
Is 14 a factor of 2582593?
False
Does 65 divide 149370?
True
Is 1134628 a multiple of 36?
False
Is 2731092 a multiple of 122?
True
Is 93 a factor of 227153?
False
Is 25 a factor of 4282?
False
Does 760 divide 4496160?
True
Is 221536 a multiple of 46?
True
Is 10 a factor of 49203?
False
Does 285 divide 782040?
True
Does 3 divide 462644?
False
Is 71 a factor of 4353940?
False
Is 51 a factor of 188663?
False
Does 689 divide 6686531?
False
Does 26 divide 402272?
True
Is 729 a factor of 1745955?
True
Is 321225 a multiple of 75?
True
Does 137 divide 10632929?
False
Is 13 a factor of 222638?
True
Is 37060 a multiple of 3?
False
Does 32 divide 1180934?
False
Does 194 divide 4460694?
False
Is 120270 a multiple of 95?
True
Does 47 divide 308915?
False
Does 933 divide 3472383?
False
Does 21 divide 45042993?
False
Is 188888 a multiple of 81?
False
Does 184 divide 4688767?
False
Is 4 a factor of 70335?
False
Is 1618858 a multiple of 168?
False
Is 46 a factor of 242098?
True
Is 1812 a multiple of 12?
True
Does 11 divide 564542?
True
Is 15 a factor of 316910?
False
Is 294 a factor of 143472?
True
Is 24 a factor of 842769?
False
Is 6163347 a multiple of 363?
False
Is 8145527 a multiple of 409?
False
Does 16 divide 6190364?
False
Is 532980 a multiple of 252?
True
Does 167 divide 1699746?
False
Is 1164749 a multiple of 15?
False
Does 20 divide 22262?
False
Is 6 a factor of 24774?
True
Does 70 divide 18550?
True
Does 729 divide 427194?
True
Is 1134 a multiple of 90?
False
Does 95 divide 56905?
True
Is 992939 a multiple of 14?
False
Is 570 a factor of 191861?
False
Is 183294 a multiple of 18?
True
Is 5274216 a multiple of 1251?
True
Is 85 a factor of 251940?
True
Does 536 divide 995064?
False
Is 31122 a multiple of 233?
False
Does 649 divide 2802864?
False
Does 3 divide 48083?
False
Does 924 divide 565488?
True
Is 9 a factor of 5529700?
False
Is 3 a factor of 7668?
True
Does 97 divide 60106?
False
Is 82 a factor of 16128877?
False
Does 216 divide 1331118?
False
Is 68 a factor of 1013064?
True
Does 266 divide 27132?
True
Is 11 a factor of 642927?
False
Is 2090668 a multiple of 671?
False
Is 1169568 a multiple of 13?
False
Is 82 a factor of 2909196?
True
Is 782 a factor of 2923116?
True
Is 2768415 a multiple of 39?
True
Is 28 a factor of 1075645?
False
Is 222 a factor of 39942?
False
Does 91 divide 447697?
False
Is 727969 a multiple of 384?
False
Is 10 a factor of 84955?
False
Is 471191 a multiple of 7?
True
Does 11 divide 261734?
True
Is 22 a factor of 225342?
False
Is 9115576 a multiple of 53?
True
Is 4567214 a multiple of 16?
False
Is 40 a factor of 77441?
False
Does 679 divide 375706?
False
Does 230 divide 46920?
True
Is 110 a factor of 9450210?
True
Is 97698 a multiple of 25?
False
Is 410650 a multiple of 77?
False
Does 2 divide 14957?
False
Is 1205 a factor of 12350045?
True
Is 14 a factor of 233136?
False
Is 1823 a factor of 10416622?
True
Is 54 a factor of 428330?
False
Is 53 a factor of 9697852?
False
Is 2533875 a multiple of 435?
True
Is 3 a factor of 66290?
False
Is 1072105 a multiple of 68?
False
Does 4 divide 599516?
True
Is 4720747 a multiple of 16?
False
Is 87 a factor of 100137?
True
Is 1159510 a multiple of 4?
False
Is 347204 a multiple of 13?
True
Is 43 a factor of 421271?
True
Is 77 a factor of 85008?
True
Is 361971 a multiple of 46?
False
Does 71 divide 140581?
False
Does 6 divide 1484344?
False
Does 20 divide 49517?
False
Does 7 divide 800749?
False
Is 534 a factor of 2079930?
True
Does 451 divide 125708?
False
Does 33 divide 12271644?
True
Is 329 a factor of 10947804?
True
Does 20 divide 869499?
False
Does 246 divide 2004900?
True
Does 27 divide 133936?
False
Is 233 a factor of 65882?
False
Does 340 divide 199580?
True
Is 18 a factor of 23655?
False
Does 64 divide 11553878?
False
Is 31500 a multiple of 18?
True
Does 136 divide 4828670?
False
Does 156 divide 314609?
False
Does 7 divide 121354?
False
Is 250 a factor of 9640750?
True
Is 27493 a multiple of 3?
False
Is 1617 a factor of 786946?
False
Does 376 divide 2003680?
False
Is 59 a factor of 369399?
True
Is 2486460 a multiple of 870?
True
Is 84 a factor of 713244?
True
Is 5916954 a multiple of 28?
False
Is 4348788 a multiple of 12?
True
Does 11 divide 54223?
False
Is 580 a factor of 3807700?
True
Is 524 a facto